 v(l) = l**3 + 3*l**2 - 5*l - 3. Suppose -x = -6*x - 15. Let f be v(x). Let i(k) = -k**3 + 13*k**2 - 11*k - 6. Calculate i(f).
6
Let b(d) = 158 + 152 - 4*d - 11*d**2 - d**3 + 153 - 435 - 3*d. Determine b(-10).
-2
Suppose -2*h - 10 = -4*h. Let t(z) = -5 - h*z + 20*z - 7*z - 9*z. What is t(-3)?
-2
Suppose -4*m + 18 = 2. Let o(p) = -8*p**3 + 8*p + 3 + 5*p**3 + 7*p**2 + m*p**3. Calculate o(-6).
-9
Let y = -4 + 10. Suppose 13 = y*m - 11. Let j(c) = 0*c + 0*c**2 - c + m*c + 2*c**2. Determine j(-2).
2
Let h(c) = -13*c**3 - 10*c**2 - 6*c + 14. Let j(n) = 2*n**3 + n - 1. Let i(d) = -h(d) - 6*j(d). Determine i(-10).
-8
Let h(f) = -1 + 8*f + 2*f + 4*f - 15*f. Let b be (6/(-2) - 0)*3. Give h(b).
8
Suppose 0*z = -3*k + z + 5, -3*z + 5 = k. Let h(f) = -7*f**3 + 5 + 3*f**k + 2*f - 4*f**2 - 6. Suppose 0 = 2*r - 3 + 1. Determine h(r).
-7
Let w(f) = -5*f - 6*f - f**2 + 3*f - 6 + 0*f. Determine w(-6).
6
Suppose -2*d = 2*z, 0 = 2*d + 4 + 6. Suppose -3*k = -0*k + z*f + 5, -2*f - 11 = 3*k. Let p(u) = -u + 1. What is p(k)?
6
Suppose -k = -2*x + 2*k - 3, -2*x - 5 = -k. Let t(y) = 29*y**2 + 14*y**2 - 52*y**2 - 2 - 2*y + 10*y**2. Give t(x).
13
Let y(r) = r**2 + 1. Let z(l) = -7*l**2 + 55*l + 4. Let d be z(8). Suppose 0 = 4*x + 6 - 2. Let t(v) = -5*v**2 + 5*v - 3. Let s(q) = d*y(q) + x*t(q). Give s(5).
-1
Let x(k) = -3 + 2 - k + 8*k. Suppose 36 = 11*r - 7*r. Suppose -4 = r*b - 13*b. Determine x(b).
6
Let g = -4 + 3. Let b be 0/(g*3) - -4. Let v(f) = -2*f**2 - 4*f + 5. Let r(w) = w**2 + 5*w - 5. Let n(h) = -3*r(h) - 2*v(h). Give n(b).
-7
Suppose 5*g - 10 = 0, -4*q + 12*g - 14 = 15*g. Let w(u) = -u**3 - 4*u**2 + 3*u + 9. What is w(q)?
19
Let u(x) be the third derivative of -1/10*x**5 + 0*x + x**3 - 1/120*x**6 - 1/24*x**4 - 9*x**2 + 0. Calculate u(-5).
-14
Let s be (6/4*-4)/(20/30). Let j(n) = n**2 + 10*n - 4. Calculate j(s).
-13
Suppose 0 = -3*j - 7*y + 3*y - 6, 0 = j + 3*y + 7. Let z(s) = -7*s - 5*s**3 - 2 + s**3 + 3*s**3 + 6*s**2 + s**j. Let c = -3 - -9. Determine z(c).
-8
Let n(a) = -1 + 2*a + 7 + 0. Let w = 6 - 22. Let t be -5 + 4/w*-4. Give n(t).
-2
Let g(y) = -7*y - 10*y - 2 - 3*y - y**2 + 15*y. Calculate g(-6).
-8
Let o(b) = -b + 11. Suppose 0 = 3*f - 262 + 223. Calculate o(f).
-2
Let x(f) = -f**2 - 2*f - 1. Suppose 6 = 3*n - n. Suppose -n*w + 32 = w. Let a be (-4)/w + (-18)/4. Determine x(a).
-16
Let l(n) = n**2 + 12*n - 7. Let m(t) = t**2 + 12*t - 8. Let p(c) = -5*l(c) + 4*m(c). Let k be p(-12). Let f(j) = -k*j + 15 - 14 + 6*j. What is f(-1)?
-2
Let k(m) = 0*m**3 + 3*m - 4*m - 4*m**3 - m**2 + 1 + m**3. Let f = 28 - 27. What is k(f)?
-4
Let k(r) = -r + 10. Let u(n) = n**2 + 15*n + 32. Let p be u(-13). Let j be k(p). Suppose -j*h = -h - 9. Let i(d) = -d**3 + 3*d**2 - d + 4. Calculate i(h).
1
Let l(m) = -4*m + 8. Let s(n) = 3*n - 5. Let r(t) = -5*l(t) - 8*s(t). Suppose 4*f - 8 = 0, 0 = 9*x - 10*x - f - 3. Calculate r(x).
20
Let o(y) = -12*y + y + 4*y + 3 - 4*y**3 + 5*y**3 + 0*y. Give o(-4).
-33
Let y be 4/(-6) - 22/(-6). Let f(d) = 657*d - 1279*d + 623*d + 2. Determine f(y).
5
Let g be (-3)/1 - -1 - -6. Suppose -5*k + 3*o + 14 = 0, -3*k + 8 = k - g*o. Let s(u) = u + 4*u + k - 3*u. What is s(-3)?
-2
Let x(n) = 8*n**3 + n**2 + n. Let q = -251 + 250. Give x(q).
-8
Suppose -3*h = -4*a - 19, h - 2 = -7*a + 4*a. Let t(d) = d**3 - 4*d**2 - 2*d - 9. Give t(h).
6
Let u be (4 + -4)*(1 + -2). Let w(h) = -2*h**2 + 8*h**2 + u*h**2 + h + 5*h**2. Calculate w(1).
12
Let w(u) be the first derivative of 1/3*u**3 - 11*u + 20 - u**2. Give w(5).
4
Let s(c) = -c + 2. Let l(r) = -r**2 + 3*r - 4. Let v be l(-5). Let u = -44 - v. Determine s(u).
2
Let y(d) be the second derivative of -d**5/20 - d**4/12 + 9*d**2/2 + 15*d + 3. Calculate y(0).
9
Let v be (40/(-8))/10*14. Let q(o) = o**3 + 6*o**2 - 4*o + 3. Give q(v).
-18
Suppose 26 - 6 = 2*m. Let l(q) = m + 3*q + 46*q**2 - 47*q**2 - 4*q. Determine l(0).
10
Let h(d) = d**2 - d + 4. Let f be ((-44)/(-110))/(1/5). Calculate h(f).
6
Let w(o) = -12*o + 65. Let q be w(6). Let i(z) = -z**2 - 14*z - 2. Determine i(q).
47
Let a(w) = -2*w**3 - 5*w**2 - 2*w + 6. Let l be a(-2). Let h(o) = o - 2. Calculate h(l).
4
Let p(u) = u**3 + u**2 - 1. Suppose -g + 1 - 3 = -5*n, 5*g + 4*n + 10 = 0. Let j(r) = 3*r**3 + 7*r**2 + 2*r - 4. Let k(d) = g*p(d) + j(d). Determine k(-4).
6
Let y(d) = 4*d + 1. Suppose 0 = -5*q - 2*l - 38, 3*q + 4*l + 42 = 8. Let r be -1*(-48)/(-9)*q. Let h be r/(-20) - (-2)/(-5). What is y(h)?
-7
Let a be ((1 + 0)*4)/1. Let d(i) = 7*i + 5 + 11*i + 7*i + 10*i - 37*i. Calculate d(a).
-3
Let j(p) = 3*p + 12. Let c(a) = -8*a - 36. Let w(f) = -f**3 - 4*f**2 + 4. Let h be (-8)/(2 + 4 - 4). Let l be w(h). Let u(r) = l*c(r) + 11*j(r). What is u(5)?
-7
Let b(f) be the third derivative of f**4/6 + 2*f**3 + f**2 + 267*f. Determine b(-3).
0
Suppose -2*h = h + 3. Let f(d) = -4*d**2 + 3*d + 3. Let a(g) = g**2 - g - 1. Let y(q) = 7*a(q) + 2*f(q). Determine y(h).
-1
Suppose 3*f - 122 = 8*f - 3*v, 4*f + 4*v + 104 = 0. Let c = 30 + f. Let z(r) = r**2 - 5*r - 1. Determine z(c).
-1
Let w(a) = a**3 - 12*a**2 - 11*a - 30. Let d(j) = j**2 + j. Let u(b) = -4*d(b) + w(b). Let f be u(17). Let n(x) = x**2 - 2*x. Calculate n(f).
8
Let c(x) = -x**3 + 7*x**2 + 2*x - 19. Let r(u) = u**2 - 2. Let a(l) = -c(l) + 6*r(l). What is a(0)?
7
Suppose 4 = -2*a - 2*g, 3 = -2*a + 2*g - 17. Let q(u) = -u - 8. What is q(a)?
-2
Let r(m) = 41*m + 24 - 27 - 43*m. Let t be 1/(((-3)/(-5))/3). What is r(t)?
-13
Let l(x) = 12*x**2 - 1. Suppose 0 = -103*o + 107*o + 48. Let d be (-2)/(-7) + 178/14. Let n = o + d. Calculate l(n).
11
Let k(z) = -8*z**2 - z. Let l(d) = d**2 + d. Let f be (-1)/(-3) - (-21)/(-9). Let b(q) = f*l(q) - k(q). Suppose 10 + 0 = 10*c. What is b(c)?
5
Let l(f) = -f + 21. Let h(g) = 2*g - 22. Let x(r) = -2*h(r) - 3*l(r). What is x(-13)?
-6
Let r(u) = -u**2 - 5*u - 4. Let g(b) = b**2 + b. Let m be g(2). Suppose 0 = -f - 3 + m. Suppose 3*l + 3*a - f = -0, 5 = a. What is r(l)?
0
Let f = -375 - -367. Let q(m) = -m**3 - 9*m**2 - 9*m + 2. Determine q(f).
10
Suppose 5*x = 23 - 3. Suppose 65 = 2*n + 59. Let v(i) = -33 + i**n - 4*i + 19 + 20 - 3*i**2. Determine v(x).
6
Let k(u) = -u**3 + 8*u**2 - 7*u + 7. Let f(p) = -p**2 + 17*p - 26. Let n be f(15). Suppose -4*o = 2*z - 2, -5*z + 0*o - n*o = -23. Give k(z).
7
Let h be -4 + -12*3/(3*-2). Let k(v) = 0*v + 2*v**3 - v**3 + 3*v**h - 2*v. Calculate k(-3).
6
Let d be (-3)/(-9) + (-155)/15 + 7. Let k(r) = r - 6. Let h(w) = -1. Let a = -7 + 3. Let o(c) = a*h(c) + k(c). Calculate o(d).
-5
Suppose -6*z = -2*z - 4. Let r = z - 6. Let v(t) be the first derivative of t**3/3 + 2*t**2 + 8. Give v(r).
5
Suppose 2*t + 5*d - 30 - 5 = 0, -5*t + 5*d = 0. Suppose t*g + 9 + 1 = 0. Let s(o) = o**2 + 2*o - 1. Give s(g).
-1
Let k be -2*(-1)/(-1) - -1. Let a(d) = -d + 1. Let s be a(0). Let r(w) = -3*w + s - w - w. What is r(k)?
6
Let x(u) = -2*u + 5*u - 2*u. Let y(j) = j**3 + 40*j**2 + 41*j + 80. Let b be y(-39). Calculate x(b).
2
Let f(v) = 8*v**2 + v**3 + 51*v - 54*v + 8 - 9. Determine f(-8).
23
Let c = 287 + -280. Let z(q) = -q**3 + 7*q**2 - 2*q + 5. Give z(c).
-9
Let o(r) = r + 12. Let c(u) = -u - 21. Let j(y) = 4*c(y) + 7*o(y). Calculate j(-4).
-12
Let l be 2*12/(-8) - -1. Let b(o) be the first derivative of 1/2*o**2 + 0*o + 1 - 2/3*o**3. Calculate b(l).
-10
Let o(c) = -c**2 + 19*c - 22. Let t be o(18). Let q(g) = 9*g + 4. Calculate q(t).
-32
Let s(p) = p + 4. Let t(n) = 2*n + 8. Suppose 2*f = -8, m + 4*f - 2 = -14. Let o(j) = m*t(j) - 9*s(j). Give o(-4).
0
Suppose 5*b - 72 + 52 = 0. Let d(m) = 8*m + 6*m + 10*m**2 - 10*m + b - 9*m**2. What is d(-4)?
4
Let f(b) be the second derivative of -b**5/20 + b**4/6 + b**3/2 + b**2/2 + b. Let c = 9 + -11. Determine f(c).
11
Let i(t) be the second derivative of -t**5/10 - t**4/6 - t**3/6 + t**2 + 6*t - 7. What is i(-2)?
12
Let b(v) = v**3 - 10*v**2 - 3*v + 12. Suppose 20*w = 24*w - 4*s - 48, 2*w - 16 = -2*s. Give b(w).
-18
Let b(c) = -2*c + 11. Let l be b(4). Suppose 0 = -l*f + 5 + 13. Let y(r) = -r**3 + 5*r**2 + 3*r. What is y(f)?
-18
Let j(z) = -5*z**2 - z. Let u = 15 + -9. Let q be u/(-4)*4/6. What is j(q)?
-4
Let s(p) = p**3 + 5*p**2 - 5*p + 5. Let f be s(-6). Let x(d) be the second derivative of 4*d**3/3 + d**2/2 - 7*d - 1. Calculate x(f).
-7
Let z(w) = 4*w + 10. Let m(y) = y**3 + 19*y**2 - 17*y + 55. Let x 